s the tens digit of 1787002?
0
What is the units digit of 2359939?
9
What is the units digit of 462479?
9
What is the units digit of 310701?
1
What is the hundreds digit of 37662064?
0
What is the ten thousands digit of 966086?
6
What is the thousands digit of 23372395?
2
What is the tens digit of 257618?
1
What is the thousands digit of 9811949?
1
What is the thousands digit of 810431?
0
What is the tens digit of 1261251?
5
What is the ten thousands digit of 4788172?
8
What is the thousands digit of 199984?
9
What is the thousands digit of 18668524?
8
What is the hundred thousands digit of 724217?
7
What is the thousands digit of 304306?
4
What is the units digit of 13848752?
2
What is the hundreds digit of 968277?
2
What is the thousands digit of 822032?
2
What is the hundred thousands digit of 16398078?
3
What is the units digit of 646995?
5
What is the ten thousands digit of 3881197?
8
What is the hundred thousands digit of 104846?
1
What is the hundred thousands digit of 3106370?
1
What is the hundred thousands digit of 1916447?
9
What is the millions digit of 1944815?
1
What is the units digit of 42780?
0
What is the tens digit of 204826?
2
What is the hundred thousands digit of 11358446?
3
What is the hundreds digit of 11205045?
0
What is the ten thousands digit of 10372?
1
What is the hundreds digit of 3726140?
1
What is the ten thousands digit of 1647064?
4
What is the tens digit of 691282?
8
What is the hundreds digit of 544400?
4
What is the tens digit of 61583?
8
What is the ten thousands digit of 1351504?
5
What is the hundreds digit of 107468?
4
What is the hundreds digit of 82066?
0
What is the thousands digit of 74408?
4
What is the hundreds digit of 53871?
8
What is the units digit of 1212491?
1
What is the units digit of 3544226?
6
What is the thousands digit of 5701567?
1
What is the hundred thousands digit of 342886?
3
What is the hundred thousands digit of 586366?
5
What is the tens digit of 184711?
1
What is the hundreds digit of 74385?
3
What is the tens digit of 20062?
6
What is the hundreds digit of 892768?
7
What is the thousands digit of 31970889?
0
What is the ten thousands digit of 634145?
3
What is the ten thousands digit of 1335065?
3
What is the hundred thousands digit of 19005206?
0
What is the units digit of 874650?
0
What is the hundreds digit of 51815?
8
What is the units digit of 1079428?
8
What is the hundreds digit of 21935956?
9
What is the units digit of 82572?
2
What is the thousands digit of 20394437?
4
What is the tens digit of 665184?
8
What is the tens digit of 140930?
3
What is the hundred thousands digit of 22524475?
5
What is the tens digit of 3027615?
1
What is the millions digit of 37748794?
7
What is the tens digit of 138310?
1
What is the hundred thousands digit of 2162798?
1
What is the hundreds digit of 89779?
7
What is the units digit of 12922055?
5
What is the hundreds digit of 1755713?
7
What is the units digit of 1286187?
7
What is the tens digit of 9132933?
3
What is the units digit of 762585?
5
What is the hundreds digit of 157135?
1
What is the tens digit of 1031263?
6
What is the hundreds digit of 505854?
8
What is the millions digit of 13722822?
3
What is the millions digit of 5804696?
5
What is the ten thousands digit of 695796?
9
What is the units digit of 8958887?
7
What is the ten thousands digit of 4377684?
7
What is the units digit of 1788123?
3
What is the units digit of 6082748?
8
What is the ten thousands digit of 168252?
6
What is the millions digit of 28934236?
8
What is the thousands digit of 37361306?
1
What is the hundreds digit of 1496104?
1
What is the hundreds digit of 5323002?
0
What is the tens digit of 384740?
4
What is the thousands digit of 206084?
6
What is the thousands digit of 33011?
3
What is the tens digit of 45209?
0
What is the millions digit of 1327723?
1
What is the units digit of 21806503?
3
What is the tens digit of 949300?
0
What is the tens digit of 17712?
1
What is the hundred thousands digit of 585364?
5
What is the millions digit of 1389774?
1
What is the hundreds digit of 266652?
6
What is the tens digit of 43579165?
6
What is the units digit of 2911219?
9
What is the thousands digit of 308404?
8
What is the units digit of 1462626?
6
What is the hundred thousands digit of 3647048?
6
What is the millions digit of 4894225?
4
What is the thousands digit of 10750946?
0
What is the hundreds digit of 231268?
2
What is the millions digit of 6365978?
6
What is the ten millions digit of 10640970?
1
What is the units digit of 217636?
6
What is the ten thousands digit of 17993663?
9
What is the hundreds digit of 3379982?
9
What is the thousands digit of 289312?
9
What is the hundreds digit of 111844?
8
What is the thousands digit of 1450640?
0
What is the ten thousands digit of 4949582?
4
What is the units digit of 256225?
5
What is the ten thousands digit of 2618106?
1
What is the tens digit of 32810?
1
What is the units digit of 10561?
1
What is the hundred thousands digit of 8208240?
2
What is the tens digit of 6904235?
3
What is the ten thousands digit of 3396636?
9
What is the ten thousands digit of 15914280?
1
What is the units digit of 1101094?
4
What is the millions digit of 4386586?
4
What is the tens digit of 17689396?
9
What is the units digit of 6835?
5
What is the hundreds digit of 512996?
9
What is the thousands digit of 6421072?
1
What is the ten thousands digit of 108828?
0
What is the hundred thousands digit of 346438?
3
What is the units digit of 4363795?
5
What is the units digit of 112350?
0
What is the thousands digit of 192318?
2
What is the units digit of 356416?
6
What is the thousands digit of 1004687?
4
What is the ten thousands digit of 97089?
9
What is the tens digit of 614789?
8
What is the ten thousands digit of 27772237?
7
What is the tens digit of 304507?
0
What is the tens digit of 749213?
1
What is the tens digit of 1197587?
8
What is the tens digit of 317054?
5
What is the tens digit of 1140730?
3
What is the tens digit of 8445340?
4
What is the tens digit of 151540?
4
What is the tens digit of 24528653?
5
What is the hundreds digit of 89741?
7
What is the units digit of 13311?
1
What is the hundreds digit of 377554?
5
What is the units digit of 1087423?
3
What is the tens digit of 229832?
3
What is the tens digit of 235858?
5
What is the hundred thousands digit of 705249?
7
What is the ten thousands digit of 111824?
1
What is the millions digit of 4750592?
4
What is the units digit of 304643?
3
What is the thousands digit of 77433?
7
What is the ten thousands digit of 313865?
1
What is the hundred thousands digit of 19099575?
0
What is the units digit of 1667801?
1
What is the units digit of 473514?
4
What is the tens digit of 44501?
0
What is the ten thousands digit of 1441911?
4
What is the ten thousands digit of 23279012?
7
What is the units digit of 273232?
2
What is the ten thousands digit of 5863436?
6
What is the units digit of 24737536?
6
What is the millions digit of 29529347?
9
What is the millions digit of 8834168?
8
What is the ten thousands digit of 134133?
3
What is the ten millions digit of 10321839?
1
What is the units digit of 723040?
0
What is the hundred thousands digit of 397189?
3
What is the ten thousands digit of 361200?
6
What is the ten thousands digit of 5271164?
7
What is the ten thousands digit of 44807?
4
What is the thousands digit of 175065?
5
What is the units digit of 391491?
1
What is the hundred thousands digit of 1236818?
2
What is the millions digit of 2148325?
2
What is the ten thousands digit of 83320?
8
What is the ten millions digit of 15516471?
1
What is the units digit of 1297226?
6
What is the hundred thousands digit of 127603?
1
What is the units digit of 46593?
3
What is the hundred thousands digit of 102498?
1
What is the millions digit of 1480217?
1
What is the ten thousands digit of 5155254?
5
What is the hundred thousands digit of 4618439?
6
What is the units digit of 2094172?
2
What is the hundreds digit of 408142?
1
What is the thousands digit of 7207124?
7
What is the hundred thousands digit of 270717?
2
What is the hundred thousands digit of 153668?
1
What is the units digit of 663552?
2
What is the millions digit of 3190393?
3
What is the ten thousands digit